{"id":5648,"date":"2026-04-08T16:42:00","date_gmt":"2026-04-08T14:42:00","guid":{"rendered":"https:\/\/globalcoachings.com\/?post_type=product&#038;p=5648"},"modified":"2026-04-08T16:42:00","modified_gmt":"2026-04-08T14:42:00","slug":"hypnose","status":"publish","type":"product","link":"https:\/\/globalcoachings.com\/index.php\/produit\/hypnose\/","title":{"rendered":"Hypnose"},"content":{"rendered":"<p style=\"text-align: center;\"><span style=\"color: #008080;\"><strong>D\u00e9couvrez le pouvoir de votre esprit avec l\u2019hypnose\u00a0<\/strong><\/span><\/p>\n<p><strong>Transformez votre vie, un esprit \u00e0 la fois<\/strong><\/p>\n<p>Vous sentez-vous stress\u00e9\u00b7e, anxieux\u00b7se, ou bloqu\u00e9\u00b7e par certaines habitudes ? L\u2019hypnose peut vous aider \u00e0 :<\/p>\n<ul>\n<li>\ud83d\udca1 G\u00e9rer le stress et l\u2019anxi\u00e9t\u00e9<\/li>\n<li>\ud83d\udd04 Changer des habitudes ind\u00e9sirables (tabac, alimentation, procrastination\u2026)<\/li>\n<li>\ud83c\udf19 Am\u00e9liorer le sommeil et la relaxation<\/li>\n<li>\u2728 Renforcer la confiance en soi et l\u2019estime personnelle<\/li>\n<\/ul>\n<p><strong>Pourquoi choisir l\u2019hypnose ?<\/strong><\/p>\n<p>L\u2019hypnose est une m\u00e9thode douce, naturelle et efficace qui vous permet d\u2019acc\u00e9der \u00e0 votre subconscient pour provoquer de v\u00e9ritables changements durables. Vous restez conscient\u00b7e et en contr\u00f4le \u00e0 tout moment.<\/p>\n<p><strong>Ce que disent mes clientes :<\/strong><\/p>\n<p>\u00ab Gr\u00e2ce \u00e0 l\u2019hypnose, j\u2019ai enfin pu surmonter ma peur de parler en public. Une transformation incroyable ! \u00bb \u2013 Claire M.<br \/>\n\u00ab Apr\u00e8s quelques s\u00e9ances, mon sommeil s\u2019est am\u00e9lior\u00e9 et je me sens plus serein chaque jour. \u00bb \u2013 Julien P.<\/p>\n<p><strong>R\u00e9servez votre s\u00e9ance aujourd\u2019hui<\/strong><\/p>\n<p>Offrez-vous une pause pour reconnecter avec votre potentiel int\u00e9rieur.<br \/>\n\ud83d\udcde\u00a0<strong>Contactez-moi d\u00e8s maintenant pour une premi\u00e8re s\u00e9ance personnalis\u00e9e<\/strong><br \/>\n\ud83d\udcbb\u00a0<strong>Ou r\u00e9servez en ligne en quelques<\/strong><\/p>\n","protected":false},"excerpt":{"rendered":"<p>D\u00e9couvrez le pouvoir de votre esprit avec l\u2019hypnose\u00a0 Transformez votre [&hellip;]<\/p>\n","protected":false},"featured_media":5649,"template":"","meta":{"_monsterinsights_skip_tracking":false,"_monsterinsights_sitenote_active":false,"_monsterinsights_sitenote_note":"","_monsterinsights_sitenote_category":0},"product_brand":[],"product_cat":[15],"product_tag":[],"class_list":{"0":"post-5648","1":"product","2":"type-product","3":"status-publish","4":"has-post-thumbnail","6":"product_cat-non-classe","8":"first","9":"instock","10":"shipping-taxable","11":"purchasable","12":"product-type-simple"},"_links":{"self":[{"href":"https:\/\/globalcoachings.com\/index.php\/wp-json\/wp\/v2\/product\/5648","targetHints":{"allow":["GET"]}}],"collection":[{"href":"https:\/\/globalcoachings.com\/index.php\/wp-json\/wp\/v2\/product"}],"about":[{"href":"https:\/\/globalcoachings.com\/index.php\/wp-json\/wp\/v2\/types\/product"}],"wp:featuredmedia":[{"embeddable":true,"href":"https:\/\/globalcoachings.com\/index.php\/wp-json\/wp\/v2\/media\/5649"}],"wp:attachment":[{"href":"https:\/\/globalcoachings.com\/index.php\/wp-json\/wp\/v2\/media?parent=5648"}],"wp:term":[{"taxonomy":"product_brand","embeddable":true,"href":"https:\/\/globalcoachings.com\/index.php\/wp-json\/wp\/v2\/product_brand?post=5648"},{"taxonomy":"product_cat","embeddable":true,"href":"https:\/\/globalcoachings.com\/index.php\/wp-json\/wp\/v2\/product_cat?post=5648"},{"taxonomy":"product_tag","embeddable":true,"href":"https:\/\/globalcoachings.com\/index.php\/wp-json\/wp\/v2\/product_tag?post=5648"}],"curies":[{"name":"wp","href":"https:\/\/api.w.org\/{rel}","templated":true}]}}