{"id":3708,"date":"2020-10-30T03:35:56","date_gmt":"2020-10-30T02:35:56","guid":{"rendered":"https:\/\/globalcoachings.com\/?page_id=3708"},"modified":"2020-12-12T14:12:36","modified_gmt":"2020-12-12T13:12:36","slug":"conditions-generales-de-vente","status":"publish","type":"page","link":"https:\/\/globalcoachings.com\/index.php\/conditions-generales-de-vente\/","title":{"rendered":"Conditions g\u00e9n\u00e9rales de vente"},"content":{"rendered":"<div class=\"fusion-fullwidth fullwidth-box fusion-builder-row-1 fusion-flex-container nonhundred-percent-fullwidth non-hundred-percent-height-scrolling\" style=\"background-color: rgba(255,255,255,0);background-position: center center;background-repeat: no-repeat;border-width: 0px 0px 0px 0px;border-color:#e2e2e2;border-style:solid;\" ><div class=\"fusion-builder-row fusion-row fusion-flex-align-items-flex-start\" style=\"max-width:calc( 2000px + 0px );margin-left: calc(-0px \/ 2 );margin-right: calc(-0px \/ 2 );\"><div class=\"fusion-layout-column fusion_builder_column fusion-builder-column-0 fusion_builder_column_1_1 1_1 fusion-flex-column\"><div class=\"fusion-column-wrapper fusion-flex-justify-content-flex-start fusion-content-layout-column\" style=\"background-position:left top;background-repeat:no-repeat;-webkit-background-size:cover;-moz-background-size:cover;-o-background-size:cover;background-size:cover;padding: 0px 0px 0px 0px;\"><div class=\"fusion-text fusion-text-1\"><h1 class=\"fusion-responsive-typography-calculated\" style=\"text-align: center; --fontsize: 54; line-height: 1.16;\" data-fontsize=\"54\" data-lineheight=\"62.6333px\"><b style=\"font-family: Nokora; font-weight: 400;\" data-fusion-font=\"true\" data-fusion-google-font=\"Nokora\" data-fusion-google-variant=\"400\">Conditions g\u00e9n\u00e9rales de vente<\/b><\/h1>\n<p>1- Est consid\u00e9r\u00e9 comme un client toute personne physique ou morale effectuant une transaction aupr\u00e8s de notre site internet via notre plateforme de payement s\u00e9curis\u00e9, par virement bancaire, par ch\u00e8que ou en num\u00e9raire.<\/p>\n<p>2- Vous devez \u00eatre \u00e2g\u00e9 de 18 ans pour passer commande sur notre site ou pour vous inscrire \u00e0 la newsletter. Tout manquement \u00e0 cette obligation d\u2019\u00e2ge l\u00e9gale, conduit \u00e0 l\u2019annulation de la vente, et \u00e0 la d\u00e9sinscription de la personne concern\u00e9e de notre newsletter de que nous prenant connaissance de ce manquement.<\/p>\n<p>3- Vous avez un d\u00e9lai de r\u00e9traction de 14 jours, \u00e0 partir de la date de la signature du contrat ou de la transition.<\/p>\n<p>4- Les parties contractuelles du contrat peuvent \u00e0 tout moment arr\u00eater le contrat, ceci entrainera un remboursement partiel des sommes dus.<\/p>\n<p>5- Le remboursement s\u2019effectuera dans un d\u00e9lai d\u2019un mois en envoyant vos coordonn\u00e9es bancaires, via le lien du contact de notre site.<\/p>\n<p>6- Vous avez un d\u00e9lai de 48h pour reporter un rendez-vous de travail, si c\u2019est n\u2019est pas le cas la s\u00e9ance sera factur\u00e9.<\/p>\n<p>7- En cas de retard de votre part \u00e0 un rendez-vous, la s\u00e9ance est d\u00fb.<\/p>\n<p>8- En cas de retard de ma part, de plus de 15 minutes \u00e0 un rendez-vous, et si aucune possibilit\u00e9 de rattrapage de ce temps dans la m\u00eame journ\u00e9e est possible. Je vous offre une s\u00e9ance de travail d\u2019une heure en fonction de vos disponibilit\u00e9s.<\/p>\n<p>9- En cas de force majeur, qui cause mon absence \u00e0 un rendez-vous de travail, un deuxi\u00e8me rendez-vous, vous sera propos\u00e9 en fonction de votre agenda.<\/p>\n<p>10- Toutes les clauses figurant dans les pr\u00e9sentes conditions g\u00e9n\u00e9rales de vente, ainsi que toutes les op\u00e9rations d\u2019achat et de vente qui sont vis\u00e9es, seront soumises au droit Fran\u00e7ais en vigueur.<\/p>\n<p>11- Pour tout ce qui concerne les documents contractuelle, pour le respect de la confidentialit\u00e9. Merci de nous envoyer vos document via la page de contact de notre site. <\/p>\n<p>12- Global Coaching ne serait \u00eatre tenu pour responsable de l\u2019inexactitude du contrat conclu.<\/p>\n<p>13- A l\u2019occasion de cas fortuit, de force majeure de perturbation ou de gr\u00e8ve totale ou partielle notamment des services postaux et moyen de transport ou communication d\u2019inondation, d\u2019incendie acte de terrorisme catastrophe naturelle fait de guerre ou \u00e9v\u00e8nement sur naturel. Global Coaching n\u2019encourra aucune responsabilit\u00e9 pour tout dommages indirects du fait pr\u00e9sentes, perte d\u2019exploitation, perte de profit, dommage ou frais qui pourraient survenir.<\/p>\n<p>14- Concernant les s\u00e9minaires, ateliers et webinaires et rendez-vous de travail, en cas de force majeure emp\u00eachant l\u2019\u00e9v\u00e8nement a  se d\u00e9roul\u00e9 \u00e0 la date initiale, ceci n\u2019entrainera aucun remboursement ou indemnit\u00e9 de quelque nature que ce soit ne pourront \u00eatre r\u00e9clam\u00e9s. En revanche nous nous engageons \u00e0 reporter l\u2019\u00e9v\u00e8nement impact\u00e9 par ce cas de force majeure dans le plus bref d\u00e9lai et d\u2019en informer les participons par tous les moyens \u00e0 notre disposition (e-mail, t\u00e9l\u00e9phone &#8230;).<\/p>\n<p>15- Sont \u00e0 consid\u00e9rer comme une force majeure (liste non exhaustive) catastrophe naturel temp\u00eate ouragan \u00e9v\u00e8nement politique majeure, (guerre, attentat, coup d\u2019\u00e9tat&#8230;) \u00e9pid\u00e9mies, d\u00e9cisions gouvernementales&#8230;.<\/p>\n<p>16- Une force majeure peut \u00eatre aussi en cas d\u2019une maladie grave, un accident entrainant mon immobilisation partiel ou totale par une d\u00e9cision m\u00e9dicale.<\/p>\n<p>17- Le pr\u00e9sent site est accessible 24\/24 ET 7Jours \/7 \u00e0 l\u2019exception de cas de force majeure difficult\u00e9 informatique, difficult\u00e9 li\u00e9e \u00e0 la structure du r\u00e9seau de communication, ou difficult\u00e9 d\u2019ordre technique pour des raison de maintenance pourra interrompre \u00e0 tout moment le site.<\/p>\n<p>18- L\u2019application de la loi fran\u00e7aise, pour le non-respect des pr\u00e9sentes dispositions expose le contrevenant \u00e0 des poursuite et \u00e0 des sanctions p\u00e9nales.<\/p>\n<p>19- Si l\u2019une des dispositions du pr\u00e9sent contrat s\u2019av\u00e8re nulle, non valide ou sans effet juridique toutes les autres dispositions demeureraient applicables.<\/p>\n<p>20- Les pr\u00e9sentes conditions g\u00e9n\u00e9rales sont soumises au droit fran\u00e7ais, et je d\u00e9signe le tribunal de paris statutaire sur l\u2019affaire en cas de d\u00e9saccord.<\/p>\n<\/div><\/div><style type=\"text\/css\">.fusion-body .fusion-builder-column-0{width:100% !important;margin-top : 0px;margin-bottom : 0px;}.fusion-builder-column-0 > .fusion-column-wrapper {padding-top : 0px !important;padding-right : 0px !important;margin-right : 0px;padding-bottom : 0px !important;padding-left : 0px !important;margin-left : 0px;}@media only screen and (max-width:1024px) {.fusion-body .fusion-builder-column-0{width:100% !important;}.fusion-builder-column-0 > .fusion-column-wrapper {margin-right : 0px;margin-left : 0px;}}@media only screen and (max-width:640px) {.fusion-body .fusion-builder-column-0{width:100% !important;}.fusion-builder-column-0 > .fusion-column-wrapper {margin-right : 0px;margin-left : 0px;}}<\/style><\/div><\/div><style type=\"text\/css\">.fusion-body .fusion-flex-container.fusion-builder-row-1{ padding-top : 0px;margin-top : 0px;padding-right : 0px;padding-bottom : 0px;margin-bottom : 0px;padding-left : 0px;}<\/style><\/div>\n","protected":false},"excerpt":{"rendered":"","protected":false},"author":1,"featured_media":0,"parent":0,"menu_order":0,"comment_status":"closed","ping_status":"closed","template":"","meta":{"_monsterinsights_skip_tracking":false,"_monsterinsights_sitenote_active":false,"_monsterinsights_sitenote_note":"","_monsterinsights_sitenote_category":0,"footnotes":""},"class_list":["post-3708","page","type-page","status-publish","hentry"],"_links":{"self":[{"href":"https:\/\/globalcoachings.com\/index.php\/wp-json\/wp\/v2\/pages\/3708","targetHints":{"allow":["GET"]}}],"collection":[{"href":"https:\/\/globalcoachings.com\/index.php\/wp-json\/wp\/v2\/pages"}],"about":[{"href":"https:\/\/globalcoachings.com\/index.php\/wp-json\/wp\/v2\/types\/page"}],"author":[{"embeddable":true,"href":"https:\/\/globalcoachings.com\/index.php\/wp-json\/wp\/v2\/users\/1"}],"replies":[{"embeddable":true,"href":"https:\/\/globalcoachings.com\/index.php\/wp-json\/wp\/v2\/comments?post=3708"}],"version-history":[{"count":10,"href":"https:\/\/globalcoachings.com\/index.php\/wp-json\/wp\/v2\/pages\/3708\/revisions"}],"predecessor-version":[{"id":4472,"href":"https:\/\/globalcoachings.com\/index.php\/wp-json\/wp\/v2\/pages\/3708\/revisions\/4472"}],"wp:attachment":[{"href":"https:\/\/globalcoachings.com\/index.php\/wp-json\/wp\/v2\/media?parent=3708"}],"curies":[{"name":"wp","href":"https:\/\/api.w.org\/{rel}","templated":true}]}}